uppose k - 194 - 101 = l. What is the tens digit of k?
9
Let b be 75/(-6)*(-128)/(-40) - 6. Let z be 138/(-2)*4/(-6). Let a = z - b. What is the tens digit of a?
9
Suppose 3*f - 2*y = 1921, y - 5*y = 3*f - 1891. Let a = f - 404. What is the units digit of a?
3
Let k = 24924 + -11364. What is the ten thousands digit of k?
1
Let p be (-48)/(-9) + 2/(-12)*2. Let z(j) = 4*j**3 + j**2 + 14*j - 77. What is the tens digit of z(p)?
1
Let a(k) = 104*k**3 + 4*k**2 + 5*k - 3. Let p be a(3). Suppose 117*z - 110*z = p. What is the units digit of z?
8
Let c be -1364 + 2/(-7) + (-48)/(-168). What is the tens digit of c/55*(-25)/2?
1
Let i(j) = j**3 - 5*j**2 + 6*j - 3. Let f be (3 + -2)*1/1. Let n be (4*(1 - 0))/(0 + f). What is the units digit of i(n)?
5
Let h(g) be the second derivative of 133*g**3/3 - 275*g**2/2 + 6*g + 16. What is the units digit of h(6)?
1
Let s(t) = 7963*t - 1229. What is the tens digit of s(4)?
2
Suppose 5*s + 23 = 3*g, -6*g + 27 = -g + 3*s. Suppose 4*t - 216 = v + 656, -t = 5*v - 239. Suppose 3*c + t = 3*f, g*c = 3*c. What is the tens digit of f?
7
Let i be (10 - 20/4) + 1. What is the thousands digit of (i - 9) + 0 + -3 + 1020?
1
Suppose 90*r - 214200 = 62*r. What is the hundreds digit of r?
6
Let n be (-1)/((-1)/(-3)) + -3 + 0. Let x be n/((-924)/304 + 3). Suppose g = -3*g + 5*o + 300, 3*o + x = 2*g. What is the tens digit of g?
7
Let k = 13 - -23. Suppose -k*r = -42*r + 858. What is the tens digit of r?
4
Suppose 71*u = 68*u + 420. What is the tens digit of (98/4)/(3 - 413/u)?
9
Suppose 5*m - 34274 = -3*z + 27993, -5*m = 4*z - 62261. What is the hundreds digit of m?
4
What is the hundreds digit of ((-428988)/210)/(24/(-10) + 2)?
1
Suppose 9 = 2*a + a. Let m = a + -9. What is the units digit of (294/(-10) + 3)*20/m?
8
Let u be (-6 + (1 + 3 - 79))/1. What is the hundreds digit of -11 + (-909)/u + 5605/9?
6
Let i = 31 + -37. Let u(f) = -2*f - 10. Let a be u(i). Suppose 2*q + 3*y - 195 = -0*y, 0 = a*q - 2*y - 180. What is the tens digit of q?
9
Suppose -45225 + 225517 = 28*u. What is the tens digit of u?
3
Let c(g) = g**3 - 5*g**2 + 5*g - 1. Let x be c(3). Let d(w) = -w - 7. Let l be d(x). What is the tens digit of 2916/15 + l*(-6)/(-45)?
9
Suppose -u + 423 = -43. Suppose 205 = 3*b - 4*q - u, -q = b - 212. Suppose -a - b = -5*m, 4*a + 88 = 3*m - 49. What is the tens digit of m?
4
What is the thousands digit of ((-7 - -15) + 429/(-44))/((-4)/55504)?
4
Suppose -2*d + 352 = -356. Suppose 4*t - d + 54 = 0. Let w = 180 - t. What is the tens digit of w?
0
What is the units digit of -13 - (-1)/((-12)/(-14628))?
6
Suppose 0*a + 835 = 2*a - u, 15 = 3*u. Suppose -249 = -j + 3*g, -5*j + 895 = -g - a. What is the units digit of j?
4
Let p be (2488/(-24) - -6)*(-2 - -8). Let k = p + 903. What is the hundreds digit of k?
3
Suppose -2*s - 480 = -482, -6828 = -u - 2*s. What is the thousands digit of u?
6
Let h(w) = 3*w - 5. Let r be h(4). Suppose 0 = -3*c - 2 - 13, -3*v + r = c. What is the units digit of (1386/45)/(v/10)?
7
Suppose 4*a = 2*a - a + 3567. What is the tens digit of a?
8
Let c(x) = -214*x - 15. Let m be c(-3). Suppose -7*a - m = -i - 2*a, 0 = -a - 4. What is the hundreds digit of i?
6
Let o = -286 + 959. Suppose -k = -4*s + 1073, -k + 390 = 4*s - o. What is the tens digit of s?
6
Suppose 18*a + 52*a - 1035606 = 4*a. What is the thousands digit of a?
5
Let t(a) = -2*a**2 - 8*a + 4. Let m be t(-5). Let l(g) = g - 8. Let z be l(m). What is the units digit of (2/(8/13))/(z/(-224))?
2
What is the ten thousands digit of 48/(-60) - 87/(-15) - -66*177?
1
Suppose 133*y = 115*y + 10998. Suppose -190 - y = -3*f - 3*x, -16 = -4*x. What is the units digit of f?
3
Suppose 9*g + 371943 = 12*g. What is the hundreds digit of ((-4)/(-14))/(-2) + g/273?
4
What is the hundreds digit of 252*(6344/130 - (-6)/(-45))?
2
Let t = 27205 + -18606. What is the units digit of t?
9
Let y(f) = -f**3 + 13*f**2 + 2*f + 3. Let n be -4 + -68*(-2)/8. What is the tens digit of y(n)?
2
Let r be 150/90*(-6)/(-4)*-114. Suppose 3*g - w + 67 = -301, -g + w - 126 = 0. Let q = g - r. What is the hundreds digit of q?
1
Let g(b) = -67 + 26*b - 44 + 41*b + 183. What is the tens digit of g(7)?
4
Suppose 12*k + 3093 = 10941. Suppose -139*r = -142*r + k. What is the hundreds digit of r?
2
Let g = -39 - -32. Let i be (0/(g/(28/(-8))))/(-2). Suppose 5*f - 90 = -2*h, 2*h + i*f + 3*f = 86. What is the tens digit of h?
4
Let z(g) = 14*g + 116. Let s be z(-8). Suppose -37 = -s*p - 5*l + 2358, 0 = l + 1. What is the units digit of p?
0
Let r(t) = 5*t**2 + 25*t + 87. Suppose -7*i = 539 - 490. What is the hundreds digit of r(i)?
1
Let o = -85 - -75. Let y = o + 74. Let l = -24 + y. What is the units digit of l?
0
Suppose -69 + 13 = -7*n. What is the units digit of (-396)/n*(-42)/9?
1
Suppose -90 = 40*u - 37*u. What is the units digit of 27839/105 + 4/u?
5
Let d(r) = -4582*r + 14. What is the tens digit of d(-1)?
9
Suppose -7195 + 1189 = -14*x. Let o = 810 - x. What is the hundreds digit of o?
3
Let q(z) = -23*z**3 + 21*z**2 - 3*z + 42. What is the hundreds digit of q(-10)?
1
Let f = 47 - 44. Let m(x) = -10 - 10 - f - 7 - 12*x. What is the tens digit of m(-9)?
7
Let w = -183 - -160. Let v(b) = b. Let l(z) = -z**2 - 18*z - 22. Let q(x) = -l(x) + 2*v(x). What is the units digit of q(w)?
1
Suppose 448*u + 996 = 452*u. Let x = u + -197. What is the tens digit of x?
5
What is the thousands digit of (-12)/8 + 1193751/76*6/9?
0
Let g(t) = -21801*t - 180. What is the units digit of g(-2)?
2
Let i = 80 - 56. What is the units digit of 365/8 + 9/i?
6
Let j = 19931 + -10082. What is the tens digit of j?
4
Suppose 113*u = 116*u - 2109. Let m = u + -390. What is the units digit of m?
3
Let u(z) = -z**2 - 2*z + 2. Let y be u(-3). Let r(w) = -w - 27. Let q(m) = 2*m + 47. Let v(n) = 3*q(n) + 5*r(n). What is the units digit of v(y)?
5
Suppose -3*h - 1 = u - 7, 3*h = 2*u - 3. What is the units digit of 42988/220 + h*(-2)/5?
5
Let l = 51039 + -34259. What is the tens digit of l?
8
Suppose 4*j + 200 = 140. What is the tens digit of (252/j)/(20/(-50))?
4
Let f = -165 + 174. What is the tens digit of 1376/64*(f - -1)?
1
Let n(y) be the first derivative of -64*y**2 - 8*y + 156. What is the tens digit of n(-3)?
7
Suppose -202552 + 8735 = -17*u. What is the tens digit of u?
0
Let o(s) be the second derivative of -5*s**3/6 + 31*s**2 - 52*s - 2. Let h = 9 - -1. What is the tens digit of o(h)?
1
Suppose -19*j - 11*j + j + 101065 = 0. What is the tens digit of j?
8
Let w be 43 - (1 - (-1 + (3 - -2))). Let d = w - 44. Suppose 0 = -d*r + 4*r - 210. What is the tens digit of r?
0
Let n = 32029 - 3458. What is the thousands digit of n?
8
Let z = -284 - -289. Let h(n) = 13*n**2 - 8*n + 25. What is the units digit of h(z)?
0
Let j(n) = 10*n**2 - 18*n + 8. Let s be j(7). Suppose 0 = b - 4*a - s, 2*b + 2*b + 4*a - 1508 = 0. What is the units digit of b?
6
Suppose 0 = -5*o - 81*q + 82*q + 42575, -5*q = o - 8489. What is the thousands digit of o?
8
Let d(w) = w**3 + 8*w**2 - 25*w - 45. Let z be d(-10). Suppose 4*u = z*j - 2653, 0 = 2*j - j - 4*u - 521. What is the tens digit of j?
3
Suppose 2*r - 2*n = 2843 + 5787, 0 = 2*r + 3*n - 8645. What is the thousands digit of r?
4
What is the thousands digit of (-105)/(-28)*35756/35?
3
Let r(m) = -9*m + 25. Let p be r(-6). Suppose -5*f - 256 = p. Let u = f + 99. What is the units digit of u?
2
Let v(b) = 278*b**3 + 3*b**2 - 5*b - 6. Let a be v(3). Suppose -21*u - 3*u = -a. What is the units digit of u?
3
Suppose -3*u = -3*a - 24, 8 = 4*u - 4*a + 8*a. Suppose l + u*m - 285 = 1737, -5*l + 2*m = -9975. What is the thousands digit of l?
1
Let u be ((-25)/(-10))/((1/(-10))/(-1)). Let x = -25 + u. Suppose -2*t = 5*g - 246, 4*t - 5*g - 279 - 183 = x. What is the tens digit of t?
1
Let n(z) = -z**2 + 24*z + 10. Let s = -145 - -162. What is the hundreds digit of n(s)?
1
Suppose -4584 = 23*h - 49*h + 25*h. What is the hundreds digit of h?
5
Suppose 4 = t + 4*v, 0 = -4*t - 3*v - 24 + 105. Suppose 18*c - t = 6*c. Suppose -3*s = c*g - 14, -g - 16 = -3*s - 5. What is the units digit of g?
1
Let n(q) = -q**2 - 26*q - 47. Let z be n(-20). Let d = z - 16. What is the units digit of d?
7
Suppose 39 = -v + 33. Let l(a) = -3*a**3 + 15*a**2 + 2*a - 7. What is the units digit of l(v)?
9
Suppose -52*t - 40 = -56